{"id":522,"date":"2022-04-20T13:12:05","date_gmt":"2022-04-20T16:12:05","guid":{"rendered":"https:\/\/ciclanus.edu.ar\/?page_id=522"},"modified":"2022-07-15T19:52:08","modified_gmt":"2022-07-15T22:52:08","slug":"nuestra-comunidad","status":"publish","type":"page","link":"https:\/\/ciclanus.edu.ar\/?page_id=522","title":{"rendered":"Nuestra Comunidad"},"content":{"rendered":"<p>[et_pb_section fb_built=\u00bb1&#8243; theme_builder_area=\u00bbpost_content\u00bb _builder_version=\u00bb4.17.4&#8243; _module_preset=\u00bbdefault\u00bb background_color=\u00bbRGBA(255,255,255,0)\u00bb hover_enabled=\u00bb0&#8243; sticky_enabled=\u00bb0&#8243;][et_pb_row _builder_version=\u00bb4.17.4&#8243; _module_preset=\u00bbdefault\u00bb theme_builder_area=\u00bbpost_content\u00bb][et_pb_column _builder_version=\u00bb4.17.4&#8243; _module_preset=\u00bbdefault\u00bb type=\u00bb4_4&#8243; theme_builder_area=\u00bbpost_content\u00bb][et_pb_post_title _builder_version=\u00bb4.17.4&#8243; _module_preset=\u00bbdefault\u00bb theme_builder_area=\u00bbpost_content\u00bb hover_enabled=\u00bb0&#8243; sticky_enabled=\u00bb0&#8243; text_orientation=\u00bbcenter\u00bb meta=\u00bboff\u00bb featured_image=\u00bboff\u00bb title_text_color=\u00bb#000000&#8243; title_font_size=\u00bb34px\u00bb custom_margin=\u00bb-55px||-4px||false|false\u00bb custom_padding=\u00bb80px||||false|false\u00bb background_color=\u00bb#FFFFFF\u00bb][\/et_pb_post_title][et_pb_text _builder_version=\u00bb4.17.4&#8243; _module_preset=\u00bbdefault\u00bb theme_builder_area=\u00bbpost_content\u00bb hover_enabled=\u00bb0&#8243; sticky_enabled=\u00bb0&#8243; text_orientation=\u00bbcenter\u00bb text_text_color=\u00bb#000000&#8243; text_font_size=\u00bb16px\u00bb background_color=\u00bb#FFFFFF\u00bb]<\/p>\n<p><strong><u><\/u><\/strong><\/p>\n<p><strong><u><\/u><\/strong><\/p>\n<p><strong><u><\/u><\/strong><\/p>\n<p><strong><u>COLEGIO AZULES<\/u><\/strong><\/p>\n<p>Los colegios que surgieron bajo la protecci\u00f3n de la Inmaculada Concepci\u00f3n &#8211; tal el nombre de la mayor\u00eda de los colegios de la Provincia &#8211; recuperan en esta inspiraci\u00f3n, de la cual Mar\u00eda Inmaculada es \u00edcono y referente, la fuente de dignidad y libertad de toda persona. \u201cHemos sido creados por amor para andar en el amor (Ef 1,4), concebidos para la libertad, el encuentro y la reciprocidad\u201d.<\/p>\n<p>&nbsp;<\/p>\n<p>Desde esta comprensi\u00f3n del misterio de la Inmaculada Concepci\u00f3n tan claro a la Congregaci\u00f3n, se comprenden y se fundamentan todas las propuestas pedag\u00f3gicas que promueven la dignidad de cada persona, la posibilidad de desplegar la fuerza de la propia riqueza y singularidad en relaciones rec\u00edprocas de intercambio, donde \u201cquien ense\u00f1a, aprende y quien aprende, ense\u00f1a\u201d. Una formaci\u00f3n que garantice la libertad y las relaciones de hermanos y hermanas. Fuente de felicidad y dignidad, sentido de la vida y libertad<\/p>\n<p>&nbsp;<\/p>\n<p><strong><u>EJES EDUCATIVOS<\/u><\/strong><\/p>\n<p>Nuestros ejes: Autonom\u00eda, reciprocidad, solidaridad y trascendencia implican en su desarrollo diacr\u00f3nico una secuencia, continuidad y\u00a0gradualidad, respetuosa de los procesos de crecimiento, y en su dinamismo sincr\u00f3nico, simultaneidad y transversalidad\u00a0de todo el proyecto educativo institucional en todos los espacios.<\/p>\n<p><span>\u200b<\/span><\/p>\n<p><strong>Autonom\u00eda:<\/strong>\u00a0Confianza, identidad, responsabilidad, voluntad convicci\u00f3n, autoestima, libertad, creatividad, iniciativa.<\/p>\n<p><strong>Reciprocidad:<\/strong>\u00a0Relaciones de intercambio, respeto, mutua valoraci\u00f3n, construcci\u00f3n conjunta, trabajo en equipo, respeto a la diversidad, pluralismo.<\/p>\n<p><strong>Solidaridad:\u00a0<\/strong>Generosidad, tolerancia, esp\u00edritu de servicio, entrega.<\/p>\n<p><strong>Trascendencia:<\/strong>\u00a0Sentido de la vida, pensamiento cr\u00edtico, capacidad contemplativa, alegr\u00eda de vivir, fe y esperanza.<\/p>\n<p>[\/et_pb_text][\/et_pb_column][\/et_pb_row][\/et_pb_section]<\/p>\n","protected":false},"excerpt":{"rendered":"<p>COLEGIO AZULES Los colegios que surgieron bajo la protecci\u00f3n de la Inmaculada Concepci\u00f3n &#8211; tal el nombre de la mayor\u00eda de los colegios de la Provincia &#8211; recuperan en esta inspiraci\u00f3n, de la cual Mar\u00eda Inmaculada es \u00edcono y referente, la fuente de dignidad y libertad de toda persona. \u201cHemos sido creados por amor para [&hellip;]<\/p>\n","protected":false},"author":4,"featured_media":0,"parent":0,"menu_order":0,"comment_status":"closed","ping_status":"closed","template":"","meta":{"_et_pb_use_builder":"on","_et_pb_old_content":"","_et_gb_content_width":"","footnotes":""},"class_list":["post-522","page","type-page","status-publish","hentry"],"_links":{"self":[{"href":"https:\/\/ciclanus.edu.ar\/index.php?rest_route=\/wp\/v2\/pages\/522","targetHints":{"allow":["GET"]}}],"collection":[{"href":"https:\/\/ciclanus.edu.ar\/index.php?rest_route=\/wp\/v2\/pages"}],"about":[{"href":"https:\/\/ciclanus.edu.ar\/index.php?rest_route=\/wp\/v2\/types\/page"}],"author":[{"embeddable":true,"href":"https:\/\/ciclanus.edu.ar\/index.php?rest_route=\/wp\/v2\/users\/4"}],"replies":[{"embeddable":true,"href":"https:\/\/ciclanus.edu.ar\/index.php?rest_route=%2Fwp%2Fv2%2Fcomments&post=522"}],"version-history":[{"count":3,"href":"https:\/\/ciclanus.edu.ar\/index.php?rest_route=\/wp\/v2\/pages\/522\/revisions"}],"predecessor-version":[{"id":777,"href":"https:\/\/ciclanus.edu.ar\/index.php?rest_route=\/wp\/v2\/pages\/522\/revisions\/777"}],"wp:attachment":[{"href":"https:\/\/ciclanus.edu.ar\/index.php?rest_route=%2Fwp%2Fv2%2Fmedia&parent=522"}],"curies":[{"name":"wp","href":"https:\/\/api.w.org\/{rel}","templated":true}]}}