{"id":527,"date":"2022-04-20T13:14:01","date_gmt":"2022-04-20T16:14:01","guid":{"rendered":"https:\/\/ciclanus.edu.ar\/?page_id=527"},"modified":"2026-04-06T06:06:10","modified_gmt":"2026-04-06T09:06:10","slug":"nuestra-historia","status":"publish","type":"page","link":"https:\/\/ciclanus.edu.ar\/?page_id=527","title":{"rendered":"Nuestra Historia"},"content":{"rendered":"<p>[et_pb_section fb_built=\u00bb1&#8243; _builder_version=\u00bb4.17.4&#8243; _module_preset=\u00bbdefault\u00bb background_color=\u00bbRGBA(255,255,255,0)\u00bb global_colors_info=\u00bb{}\u00bb da_is_popup=\u00bboff\u00bb da_exit_intent=\u00bboff\u00bb da_has_close=\u00bbon\u00bb da_alt_close=\u00bboff\u00bb da_dark_close=\u00bboff\u00bb da_not_modal=\u00bbon\u00bb da_is_singular=\u00bboff\u00bb da_with_loader=\u00bboff\u00bb da_has_shadow=\u00bbon\u00bb da_disable_devices=\u00bboff|off|off\u00bb][et_pb_row _builder_version=\u00bb4.17.4&#8243; _module_preset=\u00bbdefault\u00bb custom_padding=\u00bb55px|||||\u00bb global_colors_info=\u00bb{}\u00bb][et_pb_column type=\u00bb4_4&#8243; _builder_version=\u00bb4.17.4&#8243; _module_preset=\u00bbdefault\u00bb global_colors_info=\u00bb{}\u00bb][et_pb_post_title meta=\u00bboff\u00bb featured_placement=\u00bbabove\u00bb _builder_version=\u00bb4.17.4&#8243; _module_preset=\u00bbdefault\u00bb title_text_color=\u00bb#000000&#8243; title_font_size=\u00bb34px\u00bb background_color=\u00bb#FFFFFF\u00bb text_orientation=\u00bbcenter\u00bb custom_margin=\u00bb-55px||-4px||false|false\u00bb custom_padding=\u00bb60px||||false|false\u00bb global_colors_info=\u00bb{}\u00bb][\/et_pb_post_title][et_pb_text _builder_version=\u00bb4.17.4&#8243; _module_preset=\u00bbdefault\u00bb text_text_color=\u00bb#000000&#8243; text_font_size=\u00bb16px\u00bb header_text_align=\u00bbcenter\u00bb header_text_color=\u00bb#000000&#8243; background_color=\u00bb#FFFFFF\u00bb global_colors_info=\u00bb{}\u00bb]<\/p>\n<p style=\"text-align: center;\"><em><\/em><\/p>\n<p style=\"text-align: center;\"><em><\/em><\/p>\n<p style=\"text-align: center;\"><em><\/em><\/p>\n<p style=\"text-align: center;\"><em>Ha sido un camino largo\u00a0 el recorrido hasta ahora y no exento de dificultades como tambi\u00e9n de desaf\u00edos y logros.<\/em><\/p>\n<p style=\"text-align: center;\"><em>\u00a0<\/em><\/p>\n<p style=\"text-align: center;\"><em>\u00a0Un\u00a0<\/em><strong>8 de Marzo de 1937<\/strong><em>, en una casona de la Avenida Pav\u00f3n, entre Gobernador Irigoyen y Arist\u00f3bulo del Valle de la Ciudad de Lan\u00fas,\u00a0<\/em><strong>se funda el COLEGIO INMACULADA CONCEPCI\u00d6N DE LAN\u00daS,\u00a0<\/strong><em>bajo la direcci\u00f3n de la Hna. Theresia.<\/em><\/p>\n<p style=\"text-align: center;\"><em>Concurrieron 80 alumnas en Ciclo Primario, con doble escolaridad, una sala de Pre-escolar y por la tarde la Escuela Profesional de Labores.<\/em><\/p>\n<p style=\"text-align: center;\"><span><em>\u200b<\/em><\/span><\/p>\n<p style=\"text-align: center;\"><em>Se incorpor\u00f3 en\u00a0<\/em><strong>1943<\/strong><em>, el\u00a0<\/em><strong>1er. A\u00f1o del Ciclo B\u00e1sico<\/strong><em>, construyendo para este fin el patio cubierto.<\/em><\/p>\n<p style=\"text-align: center;\"><strong>En 1945\u00a0<\/strong><em>Se completaron los tres a\u00f1os del Ciclo B\u00e1sico y las alumnas culminaban el Ciclo Secundario en el Colegio de Lomas de Zamora (calle Boedo) de la misma Congregaci\u00f3n. En esa \u00e9poca ya se impart\u00eda ense\u00f1anza a 480 alumnos entre externas y medio pupilas.<\/em><\/p>\n<p style=\"text-align: center;\"><strong>Se construy\u00f3 la planta alta del Colegio en 1951<\/strong><em>\u00a0y cinco a\u00f1os despu\u00e9s, se tir\u00f3 la vieja casona para efectuar comodidades para las Hermanas y se complet\u00f3 el Ciclo Secundario (Bachiller y Normal) Siendo superiora la Hna. Francine. Se impart\u00eda tambi\u00e9n en forma voluntaria, el idioma franc\u00e9s y clases de piano; todo en horario extraescolar.<\/em><\/p>\n<p style=\"text-align: center;\"><em>La primera promoci\u00f3n de Bachilleres y maestras egresa en el a\u00f1o\u00a0<\/em><strong>1958.<\/strong><em>\u00a0<\/em><\/p>\n<p style=\"text-align: center;\"><em>En\u00a0<\/em><strong>1961 se inaugura la Capilla<\/strong><\/p>\n<p style=\"text-align: center;\"><em>Se celebran las\u00a0<\/em><strong>Bodas de Plata del Colegio en 1962.<\/strong><em>\u00a0 y Sor Francine fue distinguida por el gobierno Franc\u00e9s con el t\u00edtulo de Caballero de la Legi\u00f3n de Honor, por haber difundido la cultura de dicho pa\u00eds en la Argentina. La citada Hna. integraba el grupo de las tres religiosas de la Congregaci\u00f3n de Nuestra Se\u00f1ora de la Inmaculada Concepci\u00f3n, que llegaron a estas tierras el 14 de enero de 1905.<\/em><\/p>\n<p style=\"text-align: center;\"><em>En ese mismo a\u00f1o se funda la Asociaci\u00f3n de Ex alumnas, que don\u00f3 la imagen de la Virgen que preside el p\u00f3rtico de la Capilla.\u00a0<\/em><\/p>\n<p style=\"text-align: center;\"><strong>En 1967el Colegio comienza a funcionar en dos turnos<\/strong><em>, ma\u00f1ana Ciclo Secundario, tarde Ciclo Primario y Jard\u00edn.<\/em><\/p>\n<p style=\"text-align: center;\"><em>En\u00a0<\/em><strong>1987<\/strong><em>\u00a0se celebran las Bodas de Oro del Colegio.<\/em><\/p>\n<p style=\"text-align: center;\"><em>Se reglamenta en la Pcia. de Buenos Aires la Ley Federal de Educaci\u00f3n, implement\u00e1ndose en 1996 la Educaci\u00f3n General B\u00e1sica (EGB) y el nivel Polimodal progresivamente.<\/em><\/p>\n<p style=\"text-align: center;\"><em>En el a\u00f1o\u00a0<\/em><strong>2007<\/strong><em>\u00a0cumplimos 70 a\u00f1os bajo el lema \u201c70 a\u00f1os aprendiendo a vivir Juntos en el carisma Azul\u201d<\/em><\/p>\n<p style=\"text-align: center;\"><em>Con fecha\u00a0<\/em><strong>12 de Marzo de 2009\u00a0<\/strong><em>se independiza el Nivel Inicial\u00a0 Con el nombre \u201cEMILIE\u201d<\/em><\/p>\n<p style=\"text-align: center;\"><em>Se construy\u00f3,\u00a0<\/em><strong>en el a\u00f1o 2011,<\/strong><em>\u00a0el gimnasio cerrado en el segundo piso<\/em><\/p>\n<p style=\"text-align: center;\"><em>Actualmente nuestra comunidad cuenta con seis Secciones de Nivel Inicial, doce de Nivel Primario y doce de Nivel Secundario.<\/em><\/p>\n<p style=\"text-align: center;\"><span><em>\u200b<\/em><\/span><\/p>\n<p style=\"text-align: center;\"><em>Y hoy luego casi <\/em><strong><em>90 a\u00f1os <\/em><\/strong><em>despues,<\/em><em>\u00a0nuestro sue\u00f1o sigue siendo\u00a0<\/em><strong><em>\u201cLa misi\u00f3n de Educar\u201d<\/em><\/strong><\/p>\n<p style=\"text-align: center;\"><em>\u00a0<\/em><\/p>\n<p style=\"text-align: center;\"><em>Para\u00a0<\/em><strong><em>CELEBRAR\u00a0<\/em><\/strong><em>el reconocimiento de lo gozoso del acto de aprender\u2026<\/em><\/p>\n<p style=\"text-align: center;\"><em>Para\u00a0<\/em><strong><em>COMPARTIR<\/em><\/strong><em>\u00a0la cultura como espacio de construcci\u00f3n\u2026<\/em><\/p>\n<p style=\"text-align: center;\"><em>Para\u00a0\u00a0<\/em><strong><em>SOCIALIZAR<\/em><\/strong><em>\u00a0el acto de conocer, como la estrategia de establecer\u00a0 relaciones y v\u00ednculos transformadores\u2026<\/em><\/p>\n<p style=\"text-align: center;\"><em>Para\u00a0<\/em><strong><em>FESTEJAR<\/em><\/strong><em>\u00a0el actuar amoroso de Dios, el proceso de discernimiento personal que involucra a cada persona, en la posibilidad de \u201cSER\u201d\u2026<\/em><\/p>\n<p>[\/et_pb_text][\/et_pb_column][\/et_pb_row][\/et_pb_section]<\/p>\n","protected":false},"excerpt":{"rendered":"<p>Ha sido un camino largo\u00a0 el recorrido hasta ahora y no exento de dificultades como tambi\u00e9n de desaf\u00edos y logros. \u00a0 \u00a0Un\u00a08 de Marzo de 1937, en una casona de la Avenida Pav\u00f3n, entre Gobernador Irigoyen y Arist\u00f3bulo del Valle de la Ciudad de Lan\u00fas,\u00a0se funda el COLEGIO INMACULADA CONCEPCI\u00d6N DE LAN\u00daS,\u00a0bajo la direcci\u00f3n de [&hellip;]<\/p>\n","protected":false},"author":4,"featured_media":0,"parent":522,"menu_order":0,"comment_status":"closed","ping_status":"closed","template":"","meta":{"_et_pb_use_builder":"on","_et_pb_old_content":"","_et_gb_content_width":"","footnotes":""},"class_list":["post-527","page","type-page","status-publish","hentry"],"_links":{"self":[{"href":"https:\/\/ciclanus.edu.ar\/index.php?rest_route=\/wp\/v2\/pages\/527","targetHints":{"allow":["GET"]}}],"collection":[{"href":"https:\/\/ciclanus.edu.ar\/index.php?rest_route=\/wp\/v2\/pages"}],"about":[{"href":"https:\/\/ciclanus.edu.ar\/index.php?rest_route=\/wp\/v2\/types\/page"}],"author":[{"embeddable":true,"href":"https:\/\/ciclanus.edu.ar\/index.php?rest_route=\/wp\/v2\/users\/4"}],"replies":[{"embeddable":true,"href":"https:\/\/ciclanus.edu.ar\/index.php?rest_route=%2Fwp%2Fv2%2Fcomments&post=527"}],"version-history":[{"count":6,"href":"https:\/\/ciclanus.edu.ar\/index.php?rest_route=\/wp\/v2\/pages\/527\/revisions"}],"predecessor-version":[{"id":1926,"href":"https:\/\/ciclanus.edu.ar\/index.php?rest_route=\/wp\/v2\/pages\/527\/revisions\/1926"}],"up":[{"embeddable":true,"href":"https:\/\/ciclanus.edu.ar\/index.php?rest_route=\/wp\/v2\/pages\/522"}],"wp:attachment":[{"href":"https:\/\/ciclanus.edu.ar\/index.php?rest_route=%2Fwp%2Fv2%2Fmedia&parent=527"}],"curies":[{"name":"wp","href":"https:\/\/api.w.org\/{rel}","templated":true}]}}